))/4?
2
Suppose 0 = -2*k - 30. Let i = k + -1. Let n = -8 - i. What is the units digit of n?
8
Let q be (0*(-3)/(-6))/2. Suppose 3*f + f - 8 = q. Suppose 0*j = f*j + b - 19, 0 = 2*j - b - 13. What is the units digit of j?
8
Suppose -2*w - 62 = -2*n + w, -2*n + 2*w + 58 = 0. What is the units digit of n?
5
Suppose -4*k = -2*s - 0*k + 180, 3*s - 4*k - 266 = 0. What is the units digit of s?
6
Suppose -q - 5*n - 130 = 4*q, 0 = -3*q + 3*n - 96. Let x = 41 + q. What is the units digit of x?
2
Suppose -4*u + 6*i = i - 723, 5*i = -u + 187. What is the units digit of u/21 - 2/(-6)?
9
Suppose 0 = 5*h - 3*h - 40. Let j = h - 13. What is the units digit of j?
7
Let g = -3 - -6. Let a be ((-9)/(-4))/((-12)/(-16)). Suppose 4*w = -g*c + 43, -c - 22 = -a*w + 7. What is the units digit of w?
0
Suppose j - 25 - 246 = 0. What is the hundreds digit of j?
2
Suppose -2*c = c - 24. What is the units digit of c?
8
Let s be (-2*(-1 + 0))/(-1). Let u be ((s - -3)*0)/1. Suppose -6*r + 3*r + 4*f + 9 = u, -4*r = -5*f - 12. What is the units digit of r?
3
What is the tens digit of 1208/28 - 1/7?
4
Let p(a) = a**2 - 11*a - 11. Let z be p(9). Suppose -5 = 2*r + 25. Let j = r - z. What is the units digit of j?
4
Suppose 3*w + 5*i = 264, -w = -2*w - 2*i + 89. What is the tens digit of w?
8
Suppose 0 = -5*y + 4*y + 18. What is the tens digit of y?
1
Let p = -35 + 70. Let k = -18 + p. What is the tens digit of k?
1
Let d = 6 - 3. Suppose -d*p = -18 - 18. Let m = p + -6. What is the units digit of m?
6
Suppose 0 = -2*b + 3*i + 30 + 7, 4*b - 2*i = 62. What is the tens digit of b?
1
What is the units digit of 0 - -164 - (2 + 3)?
9
Suppose 2*l - 4*f = -3*l + 15, 2*l = -4*f - 22. What is the units digit of 16 - (-7 - l)/2?
9
Suppose -2*c - 5*g = -7*c + 145, 5*c = g + 165. What is the units digit of c?
4
Let p be 12/16 + (-9)/(-4). Suppose -p = g - 2*g. Suppose -g*s + s = -28. What is the units digit of s?
4
Let f be 0 - (-1)/(-1) - 6. Suppose 0 = -2*d - 5*b - 25, -3*b = -5*d - 20 - 27. Let k = f - d. What is the units digit of k?
3
Suppose 90 = 3*n - 135. What is the tens digit of n?
7
What is the tens digit of (-4506)/(-45) + 14/(-105)?
0
Let m(r) = 19*r**2 - r - 4. What is the tens digit of m(3)?
6
Suppose -5*l + 93 = -4*u, 0 = 2*l - l + 5*u - 36. Let y = -7 + l. What is the tens digit of y?
1
Suppose -d = 5*w - 18, -4*w + 4*d + 4 = -5*w. Suppose l = 5*p + 39, 2*p = 1 + 3. Suppose l = 5*y + w. What is the units digit of y?
9
Suppose 3*u - 94 = 116. Let a = u - 21. What is the units digit of a?
9
Let w(u) = -u**3 + 9*u**2 + 2*u - 4. Let r(t) = t**2 - 3*t - 1. Let n be r(5). Let m be w(n). Suppose 0 = 2*b - b - m. What is the tens digit of b?
1
Let j = 5 - 1. Suppose 2*m = m + j. Suppose -w = -2*w + m. What is the units digit of w?
4
Let v(y) be the third derivative of -y**4/24 + y**3/3 + 24*y**2. Let i be 140/(-18) - (-4)/(-18). What is the units digit of v(i)?
0
Let c be ((-2)/4)/(16/352). Let i = 41 - c. What is the units digit of i?
2
Let d(h) = -h**3 - 12*h**2 - h - 9. Let p(z) = -z. Let j(f) = -10*f - 2. Let u(b) = j(b) - 5*p(b). Let g be u(2). What is the units digit of d(g)?
3
Let j be ((-30)/(-20))/((-1)/(-2)). Suppose -4*l - 5*d + 65 = 0, j*l + 3*d - 55 = -2*d. What is the units digit of l?
0
Let x = 5 + 18. Let m = -4 + x. What is the tens digit of m?
1
Let m = 13 + -11. Suppose m*w + 0*w - 36 = p, 3*p + 88 = 5*w. What is the units digit of w?
0
Let p = 0 - -1. Let k = 4 - p. Suppose 9 = -k*o, o + 27 = 4*l - 0*o. What is the units digit of l?
6
Let y(g) = 0*g**2 + g**3 - g**2 + g + 0*g**2 - 1. Let b be y(3). What is the units digit of (b/16)/((-2)/(-8))?
5
Suppose 5*k - 12 = 518. What is the hundreds digit of k?
1
What is the hundreds digit of -20*3/(-6)*48/2?
2
Suppose -2*n + 410 = 2*l - 4*n, 0 = -3*l - n + 619. What is the tens digit of l?
0
Let z = 12 - 5. Suppose -d + 10 + z = -3*a, 2*d = 2*a + 26. What is the tens digit of d?
1
Let m = 15 + -11. Suppose 16 = m*s - 3*w, 3*s + 5*w - 8 = s. Suppose -n - 1 = -6*n - g, -n + s*g = -17. What is the units digit of n?
1
Suppose 3*v - 4*s - 663 = 0, 3*s - 735 = -5*v + 370. Let g = v + -157. Suppose x = -3*x + g. What is the units digit of x?
6
Suppose -q = -w - 27, 4*q - 4*w = -q + 134. What is the tens digit of q?
2
Let g = -6 - -11. Let t = g + -10. What is the units digit of 13 - t/(5/(-2))?
1
Let f = 7 + -2. Suppose -5*i + 2*z + 55 = 0, f*i - 34 = 2*i + z. What is the tens digit of i?
1
Let p be (-1)/((-1)/4) + 1. Let t(w) be the first derivative of -w**3/3 + 7*w**2/2 - 5*w - 9. What is the units digit of t(p)?
5
Let t = 78 - 55. Let z = 22 + t. Let c = z + -32. What is the units digit of c?
3
Let x(m) = -2*m - 12. Let a be x(-8). Suppose i - a = 1. Suppose 4 = -g - 2*f, i*f = -5*g + 8 - 3. What is the units digit of g?
6
Suppose -4*w - 5*n + 143 + 51 = 0, 0 = 4*w + n - 186. What is the tens digit of w?
4
Let n = 18 + -42. Let f = -11 - n. What is the units digit of f?
3
Suppose n = 2*x + 20, -2*x + 15 = 3*n - 5. Suppose 0*f = 3*f + 12. Let w = n + f. What is the units digit of w?
6
Suppose 4*w - 3 = 5. Let y(s) = -3*s**2 + 5*s + 6. Let p(d) = 4*d**2 - 6*d - 7. Let q(o) = 6*p(o) + 7*y(o). What is the units digit of q(w)?
0
Suppose -2*j + j - 87 = -a, 4*a + 5*j - 375 = 0. What is the tens digit of a?
9
Let t(c) = -c - 5 + 0*c + 5. What is the units digit of t(-3)?
3
Suppose -4*v - 33 = -3*d - 2*v, -5*d + 36 = 3*v. Let f be (-215)/(-45) - (-2)/d. Suppose -4*r - 25 = -f*z, 0*z + 21 = 4*z - 3*r. What is the units digit of z?
9
Suppose 0*a + 3*a + 4 = 2*q, -2*q + 2*a + 4 = 0. Let g(m) = 8 - 3 - 2 + 3*m - q*m. What is the units digit of g(8)?
1
What is the units digit of 66*((-28)/(-8) - 3)?
3
Let f(b) = -b**2 + 4*b + 7. Let k be f(7). Let n be k/(-4)*12/21. What is the units digit of 9 + 1/(3 - n)?
0
Suppose -4*f - 8*l + 3*l = -919, -4*f + 2*l = -926. What is the units digit of f?
1
Let t(y) = y**3 - 5*y**2 - 8*y + 2. Let d be t(6). Let z = 15 + d. What is the units digit of z + (-2 - -3 - 2)?
4
What is the units digit of -2 - (-1 - (19 + 3))?
1
Let a be ((-12)/(-8))/(3/4). Let k(s) = s - 7 - a*s + 0*s + 2*s**2 + 6*s. What is the units digit of k(-5)?
8
Let v be (-1 + -1)/((-4)/(-32)). Let b = -8 - v. What is the units digit of b?
8
Let l = -220 - -313. What is the tens digit of l?
9
Suppose 0*i = -i - 2, -2*l - 2*i + 30 = 0. Let o = -2 + 7. Let u = l - o. What is the tens digit of u?
1
Let u(p) = -p + 1. Let t(v) = -6*v**2 - 3*v. Let k(o) = -t(o) + 2*u(o). Let b be k(-2). Suppose 25 = -5*m, 5*x - b = -4*m + 21. What is the tens digit of x?
1
Let w be (-35)/3 + (-56)/(-84). Let q(v) be the second derivative of v**5/20 + v**4 + 11*v**3/6 + v**2 + v. What is the units digit of q(w)?
2
Suppose 4*x - 456 = 2*k, 572 = 5*x + k - 3*k. What is the tens digit of x?
1
Suppose -3*g = 4*j - 5, -5*j - 2*g + 9 = -g. What is the units digit of 6/(-3) - -5 - j?
1
Let j = 138 - 54. What is the tens digit of j?
8
Let v = 103 + -73. What is the tens digit of v?
3
What is the units digit of ((-6)/18)/(3/(-333))?
7
Let l(s) = -s**3 - 9*s**2 - 9*s - 4. Let r be l(-8). Let n = 6 - r. What is the units digit of 2 + 1*(n - 3)?
1
Let o = -6 + 9. Suppose -o*l + 3*i = l - 68, -i = 0. What is the units digit of l?
7
Let p(w) = -w. Let f(a) = -2*a + 11. Let s(k) = f(k) - 3*p(k). What is the tens digit of s(0)?
1
Suppose 3 + 27 = -3*w. What is the units digit of (-8)/w*(-15)/(-2)?
6
Suppose -27 = -3*c + 213. Suppose -c = -v - 3*v. What is the units digit of v?
0
Let k(t) = t + 4. What is the tens digit of k(11)?
1
Let b = 8 + -8. Let j = 5 - b. What is the units digit of j?
5
Let h(w) = w**3 + 7*w**2 + 6*w + 6. Let s be 40/6 + 2/(-3). Let j be (1*-1)/(1/s). What is the units digit of h(j)?
6
Let p(b) = 20*b**2 + b. What is the tens digit of p(-1)?
1
Let a = 101 + -57. Suppose 5*r - 7*r + a = 0. What is the tens digit of r?
2
Suppose -3 = 3*b - 21. What is the units digit of b?
6
Suppose 4*p - 5*p + 5*j + 121 = 0, -3*p + j + 321 = 0. What is the tens digit of p?
0
Suppose -32 = -4*j + 2*p, -p - 4*p + 70 = 5*j. What is the units digit of j?
0
What is the units digit of 531/6 + (-3)/2?
7
Suppose 2*f + 4*s - 26 = 0, 0 = 2*f + s - 22 + 2. Let l(t) = 3*t - 11. Let r be l(f). Suppose d = -h + 13, -4*h + d + r + 11 = 0. What is the units digit of h?
8
Suppose 2*